(10).
6
Let g = -246 - -163. Let i = 81 + g. Let y(d) = 3*d + 1. Determine y(i).
-5
Suppose -5 = 4*w + 7. Let u(i) = -3*i**2 - 18*i - 1. Let t(b) = -b**2 - 6*b. Let r(k) = w*u(k) + 8*t(k). What is r(-4)?
-5
Let n(b) = 3*b + b**3 - 1 - b - 5*b**2 - 8*b + 3. Suppose 3*v - 91 = -19. Suppose -6*g = -2*g - v. Calculate n(g).
2
Suppose r - 40 = -24. Suppose -3*q + 4*x + 16 = q, 4*q = 3*x + r. Let p(u) = 2*u - 6 + 3*u**2 + 2*u**3 + 3*u**3 - 6*u**3. Calculate p(q).
-14
Suppose 0*t + 5*t = -3*y + 4, 4*t + 4 = 0. Let a(i) = i**3 - 2*i**2 - i + 1. Calculate a(y).
7
Let x(l) = -732 + 5*l + 732. Give x(2).
10
Let c(p) = 0 - p**2 + 4*p**2 + 2*p**2 - 2*p - 1. Let u(d) = -3*d**2 + 8*d**2 + 2*d - 2*d**2 + 2*d**3 + 1 - d**2. Let f be u(-1). Give c(f).
6
Let x(q) = -3*q. Let g(h) = 23*h + 2. Let w(z) = g(z) + 4*x(z). What is w(-4)?
-42
Suppose -5*g + 0 = -10. Let o(d) = -4*d - 4*d**g + 13*d + 4 + 3*d**2 - 4*d. Let v be o(5). Let l(x) = -x**2 + 6*x. Calculate l(v).
8
Let l(t) be the first derivative of t**3/3 - 13*t - 201. Determine l(4).
3
Let m(z) = 51*z - 3. Let b(p) = -35*p + 2. Let t(k) = 7*b(k) + 5*m(k). Determine t(1).
9
Let p(u) = -u**3 - 4*u**2 - 2*u - 3. Let c be p(-4). Suppose 6*r + 29 = c. Let v(n) be the first derivative of -n**2/2 - 5*n - 1. Give v(r).
-1
Let y be 1/((-2 - -4)/10). Suppose w + 4*c = 15, 9 = 3*w + c - 3. Let f(l) = 4*l - 2*l + w + 0. Give f(y).
13
Let j(r) = r**2 + r + 3. Suppose a + 4*u = 12 + 8, 20 = 2*a + 4*u. Calculate j(a).
3
Let a(d) = d**3 - 23*d**2 - 138*d - 58. Let w be a(28). Let g(y) = -5*y - 10. What is g(w)?
0
Let l(v) = -2*v**2 + 4*v + 5 - 16 + 0 + 8. Let p be 6 + -2 + 4/(-2). Give l(p).
-3
Let d(w) be the first derivative of 35 - 7/2*w**2 + 0*w. What is d(1)?
-7
Let t(n) = n**3 + 12*n**2 - 11*n - 10. Let v be t(-13). Let g be 27/(-12)*v/27. Let k(p) = -p**2 + 2*p + 2 - 5*p + 7*p. Determine k(g).
5
Let y(v) be the third derivative of v**6/60 - v**5/60 - v**4/24 - v**3/6 - v**2 - 6. Suppose l - 2 = 3*l. Calculate y(l).
-3
Let f(k) = -k**2 - 10*k - 10. Let o be (3/(-9))/((-1)/(-12)) - -30. Let n(v) = -v**3 + 25*v**2 + 26*v - 8. Let j be n(o). Give f(j).
6
Let b(j) = -j**3 - 7*j**2 - 4*j - 15. Let q be b(-6). Let s = q - -27. Let y(h) = h**2 + h + 5. Give y(s).
5
Suppose 54*b - 58*b = -2*u - 4, 2*u - 3*b + 1 = 0. Let l(k) be the first derivative of -k**3 - 9 + 1/2*k**2 - 3*k + 1/4*k**u. Determine l(3).
0
Suppose 13*g - 34 = 11*g + 4*r, 5*g - 4*r - 61 = 0. Let l(o) = o**3 - 9*o**2 + 3*o + 2. Give l(g).
29
Let l = -1202 + 1198. Let v(n) = -5*n**2 - 9*n + 6. Let f(m) = -m**2 - 2*m + 1. Let o(p) = 11*f(p) - 2*v(p). Determine o(l).
-1
Let a(d) = -4*d**2 - d. Let y(f) = 2*f**2 + 4*f + 2. Let x(v) = -2*a(v) - y(v). Give x(2).
18
Let o(l) = l**3 - 5*l**2 + 5*l + 1. Let k be o(4). Let g(j) = -k*j - 2*j + 10*j + 4 - 2*j. Let s be g(-3). Let a(m) = -4*m**2 + 2*m - 1. Give a(s).
-3
Let s(v) = -1 - v + 1 + 2 + 2*v. Let m = -541 + 543. What is s(m)?
4
Let k(z) = z + 2. Suppose 15*p = 38*p - 14*p. Calculate k(p).
2
Suppose 246*v - 248*v + 2 = 0. Let y(h) = 34*h + 1. What is y(v)?
35
Let h(r) = -r**2 + 5*r + 9. Suppose 0 = 27*y + 4 - 193. What is h(y)?
-5
Let w(p) = -2*p**2 + 7*p + 3. Let f(u) = -u**3 + 5*u**2 - 9*u + 24. Let v be f(4). Give w(v).
-1
Suppose -6*w = 3*w + 18. Let m(f) = -4*f - 3*f + 2 + 3*f + 0*f. What is m(w)?
10
Let o(q) = -4*q**2 + 0 - 5 + q**3 + 2*q + 2. Let i = -70 + 56. Let p = -11 - i. Calculate o(p).
-6
Let i(z) = -2*z**3 + 19*z**2 - 9*z + 9. Suppose 5*p - 49 = 4*l, 2 = p + 2*l - 5. Give i(p).
9
Let j(n) = 8 - 7*n - n**2 - 3 - 2. Let u be (-2)/5*1085/62. Give j(u).
3
Let m(w) be the second derivative of -w**5/20 - w**4/3 - w**3/3 + 3*w**2/2 - 215*w. What is m(-3)?
0
Let s(u) = u - 5. Suppose 4*y - 4*i + 10 = 26, 0 = 2*y + 5*i - 29. Give s(y).
2
Let x(b) = -b**2 - 4*b - 3. Let m be x(-3). Suppose -2*y + 2*z + 3*z - 27 = m, -2*z + 6 = 0. Let g = 8 + y. Let d(q) = -3*q + 3. Calculate d(g).
-3
Suppose -12 = -4*c - 0. Let x(m) = m**3 - 4*m**2 - 1. Let t(k) = k**3 + k**2 - 3 - 5*k**2 + 2 + 0. Let s(a) = -3*t(a) + 2*x(a). Calculate s(c).
10
Let j(q) = -q**3 - 5*q**2 - q + 4. Let s(x) = 7*x + 3. Let p(b) = -3*b - 1. Let i = -8 + 6. Let c(r) = i*s(r) - 5*p(r). Let k be c(-3). Determine j(k).
-8
Let n be 2/9 - (2288/234)/8. Let i(a) be the first derivative of 3*a**3 + a**2 + a + 1. Determine i(n).
8
Suppose 16 = 8*d - 4*d. Suppose 5*w - 5 = 5*a - 60, -9 = a + d*w. Let p(c) = c**3 - 7*c**2 + 5. What is p(a)?
5
Let n = 3 + -2. Let i(o) = -9*o**3 + 5*o**2 + 8*o - 1. Let z(t) = t**3 + t**2 + 2*t. Let g(q) = -i(q) + 4*z(q). Calculate g(n).
13
Let r(x) = -x**2 - 3*x + 3. Let i be -2*(-2 + (3 - 3)). Let k be 10/8*16/i. Suppose k*t - t = -16. Calculate r(t).
-1
Let l(z) = 9*z - 1 + 0*z - 2*z - 3*z. Determine l(-2).
-9
Let i(w) = -w**3 + 11*w**2 - 8*w - 18. Let h be i(10). Let y(b) = b - 1. Suppose 2*j + 0*j = -12. Let c(q) = -q - 3. Let d(x) = j*y(x) + c(x). Determine d(h).
-11
Let m(k) = 6*k - 1. Let w be m(1). Let p(t) = t**2 - 8*t - 4. Let f(n) = n. Let x(q) = w*f(q) + p(q). Let b = 182 - 178. Determine x(b).
0
Let m(t) = t**3 - 7*t**2 + 4*t + 7. Let s(y) = -y**3 + 2*y**2 + 6*y + 2. Let j be s(-2). What is m(j)?
-5
Let q(f) be the first derivative of 4 + 1/2*f**3 + 6*f - 3/2*f**2. Let u(v) be the first derivative of q(v). Give u(3).
6
Let z be (-3)/((-6)/(-2)) + -4. Let k(f) be the first derivative of f**4/4 + 5*f**3/3 - 2*f**2 - 5*f - 10. Give k(z).
15
Let h(k) = -3*k - 21. Let y be h(-7). Suppose -7*m + 6*m = y. Let f(x) = m + 0 - 3*x - 2 - x**2 + 5. Give f(-5).
-7
Let t(o) = 3*o**2 - o. Let a(x) = -6*x**2 - 5*x + 10. Let d be a(3). Let j = d - -58. Give t(j).
4
Let o(h) = -3*h - 9. Suppose 5*x - 10*x + 4*v - 67 = 0, -4*x = -v + 47. Determine o(x).
24
Let h(p) = -p**3 + 12*p**2 + 13*p - 3. Let r(y) = 5*y**3 - 49*y**2 - 54*y + 13. Let t(q) = 9*h(q) + 2*r(q). Give t(-9).
-1
Let m(f) be the first derivative of 3*f**4/4 - f**3/3 + 3*f**2/2 - 2*f + 48. What is m(1)?
3
Let i(u) = 6*u**2 + 6*u. Let y(o) = 2*o**2 + 2*o. Let b(n) = -6*i(n) + 17*y(n). Suppose 0 = -2*p - t - 6, 6 = -4*p - t - 4. Calculate b(p).
-4
Let u(i) = -21 + 9*i - 2*i - 6*i - 3*i - 5. Give u(-11).
-4
Let c(f) = -f**2 + f - 1. Let t(l) be the second derivative of -7*l**4/12 + 2*l**3/3 + 5*l. Let x(i) = -6*c(i) + t(i). Determine x(-5).
-9
Let o(z) = -z**3. Let v be o(1). Let n(f) = -1161791 + 6*f + 1161791. Give n(v).
-6
Suppose -4*g - p + 4 = -0*g, 3*p = 0. Let f(a) = -23*a + 1. What is f(g)?
-22
Let l(b) = -b**3 - 4*b**2 + 6*b. Let i(r) be the second derivative of -r**5/20 + r**4/12 + r**3/6 - 2*r. Let s be i(2). Let t = -3 + s. What is l(t)?
-5
Let l(p) be the third derivative of -p**5/6 + p**4/6 - p**3/3 + 735*p**2. Determine l(2).
-34
Let f(o) = 2*o**3 + 2*o**2 + 2*o + 4. Suppose -424*t = -420*t - 12. Calculate f(t).
82
Let k(i) = -i**2 - 6. Let t(f) = 7. Let u be (-18)/27 - 16/(-6). Let d be u*-1 - (-5 - -8). Let y(g) = d*t(g) - 6*k(g). Calculate y(-1).
7
Let l(i) = -i**3 + 6*i**2 - 7*i + 4. Let m(r) be the second derivative of -r**3/6 - 3*r**2/2 - 35*r. Let x be m(-7). Calculate l(x).
8
Let m(q) = -q**3 - 4*q**2 - 13. Suppose -35 = 57*p - 50*p. Give m(p).
12
Let s(j) = 2*j**3 - 2*j + 1. Let q be s(1). Let y(h) = h - 1. Let t(n) = 3*n + 4. Let o(p) = q*t(p) + 3*y(p). Suppose 0 = 45*u + 37 + 8. Give o(u).
-5
Let m be -1 + 2 + -2 - 2. Let s(f) be the second derivative of 5*f**3/6 - 2*f**2 + 13*f. Calculate s(m).
-19
Let n(o) = 0 + 0 + 0 - 9*o**3 - o**2. Let d = -8 - -7. What is n(d)?
8
Let w(i) = -i**3 - 5*i**2 - 4*i - 5. Suppose 92 - 50 = -14*o. Calculate w(o).
-11
Let m(o) = -o**3 - 5*o**2 - 2*o + 2. Let z(c) = -2*c**2 - 4*c + 3. Let g = 1 - 4. Let h be z(g). Calculate m(h).
-10
Let m = -41 + 42. Suppose -c + 1 = -5. Let u be 5*m + (-6)/c. Let w(d) = -d**2 + 6*d - 5. Give w(u).
3
Suppose 4*l = 186 - 42. Suppose 3 = -o - m, -5*o - l = -o - 4*m. Let a(t) be the third derivative of -t**4/24 - t**3/6 - 51*t**2. What is a(o)?
5
Suppose 5*j - 3 = -4*y - 4, j + 5 = 0. Suppose 7 = y*k + 25. Let n(i) = -4*i + 2. What is n(k)?
14
Let h(x) be the first derivative of x**2/2 - 7*x - 2. Suppose t = -3, -3*i - 3*t + 0*t = 24. Let o = i - -8. Determine h(o).
-4
Let q(w) = -w**3 - 3*w**2 + 6*w + 5. Suppose a - 28 = -4*h, -1 = -2*h + a + 19. Suppose -h = 6*y - 4*y. Give q(y)